(j) = j - 4*j - 4 + 3 - 8. Determine r(l).
9
Suppose -3 = -5*x - 13. Let c be 4 + 3 + -4 + -1. Let q be 8/4 + c + x. Let l(r) = 2*r**3 - r**2 - 2*r. Determine l(q).
8
Let p(q) be the first derivative of -q**3/3 - 2*q**2 + q + 25. Let f = -4 - 1. Give p(f).
-4
Let k = 2480 - 2495. Let n(g) = -g**2 - 15*g - 2. Calculate n(k).
-2
Let a(c) = 191 + 3*c - 2*c + c**2 + 17*c**2 - 200. Let y(l) = -9*l**2 - l + 5. Let b(d) = 3*a(d) + 5*y(d). Determine b(2).
30
Let r be (400/(-125))/(12/(-30)). Let d(z) = z**2 - 4*z + 3. What is d(r)?
35
Let b(n) = -4*n - 4. Let x(i) = 7*i**2 + 7*i - 13. Let g(q) = -11*q**2 - 11*q + 19. Let d(v) = -5*g(v) - 8*x(v). Let h be d(-3). Determine b(h).
-16
Let b(s) = s**2 - 6*s - 3. Let o(z) = -z - 1. Let t = -5 + 3. Suppose 4*m + 25 = 5*f, 23*f - 5*m - 24 = 24*f. Let u(x) = f*b(x) + t*o(x). What is u(6)?
11
Let o(a) be the first derivative of 2*a - 2 - 1/2*a**2. Calculate o(-3).
5
Let g(x) be the first derivative of -x**3/3 - 3*x**2 - 7*x - 1. Let i(c) = -3*c + 4. Let l be i(3). Calculate g(l).
-2
Let o(c) = 83 + 58 - 113 - 6*c + 3*c. Calculate o(12).
-8
Let g(z) = -51*z + 19*z + 28*z. Give g(-7).
28
Let c(o) = -2*o - 4*o - o + 2*o - 4. Suppose 2*q = 5*u + 15, 2*u + 4*q + 3 = -3. What is c(u)?
11
Suppose 0 = 265*a - 283*a - 234. Let s(q) = 2*q**3 + 25*q**2 - 14*q - 17. What is s(a)?
-4
Let i(j) be the second derivative of j**5/20 + j**4/2 + j**3 + j**2 - 3*j. Let d = 57 + -62. Give i(d).
-3
Suppose 0 = c - p + 4, 4*c + 4*p + 53 - 13 = 0. Let y(i) = -i**3 - 8*i**2 - 5*i + 9. What is y(c)?
-5
Let z(q) = 3*q**2 + 2*q - 6. Let m(a) = 7*a**2 + 5*a - 13. Let w(p) = -4*m(p) + 9*z(p). Give w(0).
-2
Let f(u) be the third derivative of -5*u**4/24 + 5*u**3/6 + 21*u**2. What is f(2)?
-5
Let r(c) be the second derivative of c**3/3 - c**2 - 2*c - 134. Give r(0).
-2
Let y = -4 - -1. Let h(s) = -10*s - 11. Let k(f) = 9*f + 10. Let a = -35 - -28. Let z(p) = a*k(p) - 6*h(p). Give z(y).
5
Let m(w) = w**3 + 9*w**2 + 9*w + 12. Suppose 0 = 4*j - 13*l + 10*l + 38, 0 = 2*j + 2*l + 12. What is m(j)?
4
Suppose 0*m = 4*m - 12. Suppose -4*d = -m*d - 3. Let h(b) = 8*b**2 + d + 0 - b - 3. Give h(1).
7
Let i(w) = w**3 - 10*w**2 - 7*w - 16. Let p be 5 - (-3)/(-1) - (-18)/2. Calculate i(p).
28
Let o = 19 + -15. Suppose -46*f + 44*f + o = 0. Let s(l) = -9 + l + f - 4*l. Give s(-5).
8
Let v be (6/(-18))/(12/180). Let k(u) = u**3 + 3*u**2 - 9*u - 11. Determine k(v).
-16
Let k(m) = m**3 + 6*m**2 - 6*m + 4. Let f(b) = -5*b - 2. Let u(n) = n. Let d(t) = -f(t) - 4*u(t). Let c be d(-9). Give k(c).
-3
Suppose -1 = 3*z + 5. Suppose 4 = n + 2. Let w(h) = 2*h**n + 2*h + 0 + 0*h + 0. Give w(z).
4
Let r(f) = 4*f**3 - 42*f**2 + 48*f + 50. Let b(d) = 3*d**3 - 28*d**2 + 32*d + 34. Let p(j) = -7*b(j) + 5*r(j). Calculate p(-15).
-3
Let h(v) = -2*v + 3. Let g be ((-60)/28)/5*-7. Suppose -3*j + 4 + 5 = -g*l, 5*j + 4*l = 51. Determine h(j).
-11
Let c(s) = -4*s**2 - 24*s - 3. Let y(o) = -3*o**2 - 16*o - 2. Let g(x) = 5*c(x) - 7*y(x). Let z(q) = -q. Let m(f) = -g(f) + 2*z(f). Determine m(6).
1
Let t(k) = -k**3 + 6*k**2 - k - 3. Let q be (0/(0 - 3))/(1/1). Let g be 1 - (-5 + q - 0). What is t(g)?
-9
Let a(x) = -x**3 - 5*x**2 - 3*x + 3. Suppose -64 = 7*y - 365. Let q = -26 + y. Suppose -4*k - 8 = 0, -l - q = 4*l + k. Give a(l).
-6
Suppose 0 = 2*r + 2, 0 = -5*i + 5*r - 18 - 2. Let b(f) be the second derivative of -f**4/12 - f**3/6 + 7*f**2/2 + 4*f. Give b(i).
-13
Suppose 2 - 7 = -b. Suppose -d + 1 = i - 4, -5 = -d - 2*i. Let s(o) = -2*o**2 + 4*o - 3*o**2 + 5 - o**2 + d*o**2. What is s(b)?
0
Let w(j) = 4 - 6 - 27*j - 25*j - 4. Let s(n) = -53*n - 5. Let l(x) = 5*s(x) - 6*w(x). Let h(v) = -31*v - 7. Let m(p) = 8*h(p) + 5*l(p). Give m(-1).
12
Suppose -5*f = 2*q + 14, -5*q + 23 = -f - f. Suppose 4*y - 45 = 4*p - 9*p, 27 = 3*p - 5*y. Let g = p + f. Let t(b) = b + 4. What is t(g)?
9
Let x = 48 - 42. Let u(t) = t**3 - 5*t**2 - 4*t - 4. Calculate u(x).
8
Let r(l) = -l**3 + 6*l**2 - 6*l + 4. Let w be r(4). Let f(t) = -t + 28. Let b be f(-14). Suppose 0 = 5*h + w - b. Let y(q) = -q - 1. Give y(h).
-7
Let u be (-3)/(12/(-7)) + 2/8. Let j(m) = 5*m**u + 0 + m**3 + 5*m - 9*m - 3*m - 2. What is j(-6)?
4
Let z(y) = -4*y - 29. Let d be z(-8). Let r(x) = 3 - 2*x**2 + 4*x + 5*x - 2*x + d*x**2. Determine r(-5).
-7
Let s = 8 + -8. Suppose 3*p = -s*p - 12. Let c(d) be the third derivative of d**5/30 + 5*d**4/24 - d**3/3 + 4*d**2. Calculate c(p).
10
Let n(s) = 2*s - 6. Let b(k) = -8*k + 24. Suppose -9*x = -11*x - 18. Let p(g) = x*n(g) - 2*b(g). What is p(4)?
-2
Let a(k) be the second derivative of -k**5/40 - k**4/8 - 7*k**3/6 + 16*k. Let z(b) be the second derivative of a(b). What is z(-3)?
6
Let p(k) be the second derivative of 1/4*k**5 + 1/2*k**2 + 0 - 1/6*k**3 - 2*k - 1/12*k**4. Let d = -5 + 6. Calculate p(d).
4
Let s(r) be the second derivative of -1/12*r**4 + 0*r**3 + 0 + 3*r**2 - 8*r. Give s(0).
6
Let l be 24/60*-2*5 - -6. Let r(y) = 4*y - 4. Give r(l).
4
Suppose 6*f - 18 = 3*f. Suppose -51 = f*p + 9. Let r(b) = -b**3 - 11*b**2 - 11*b - 15. Let l be r(p). Let q(g) = g + 1. Determine q(l).
-4
Let i(m) = -9*m**3 - 13*m**2 - 12*m + 2. Let c(t) = 16*t**3 + 26*t**2 + 24*t - 3. Let q(d) = -4*c(d) - 7*i(d). Calculate q(-12).
-2
Let h(g) = g**3 + 10*g**2 - 4*g - 14. Let x be (-128)/12 + (-4)/(-6). Give h(x).
26
Let z(v) = v - 12. Let d = -5 + 9. Let w(m) = m - 8 - d*m + m - 8. Let b be w(-11). Determine z(b).
-6
Let t(r) be the second derivative of 0 + 2*r + 2/3*r**3 - 1/20*r**5 + 1/3*r**4 + r**2. What is t(-2)?
18
Let a(j) = j**2 + j + 1. Let r(t) = 6*t - 2. Let n(b) = a(b) - r(b). Determine n(3).
-3
Let v(t) = 1 + 2*t + 0 + 0*t - t. Let d be (-552)/68 + 9*14/1071. Give v(d).
-7
Let r(o) be the first derivative of 9/2*o**2 - 7*o - 1/4*o**4 + 2*o**3 + 7. Let c be (7/2)/(2/4). Calculate r(c).
7
Let s be 4/(-10) + (-68)/(-20). Let w(a) = -a + 32*a**2 - s + a**3 - 32*a**2. Calculate w(0).
-3
Let d(o) = -o + 1. Let k be d(-5). Let t(c) be the third derivative of c**6/120 - c**5/12 - 3*c**4/8 + c**3/3 + 559*c**2 + 1. Determine t(k).
-16
Let q(i) = 5*i + 10. Let b = -35 + 44. Let w(o) = 19*o + 41. Let r(k) = b*q(k) - 2*w(k). Let g(d) = -10*d - 12. Let f(y) = 5*g(y) + 7*r(y). Calculate f(-7).
3
Let v(b) = 4*b - 6*b + 0*b + 4 + 0*b. Let f(u) = -u**2 - 9*u + 3. Let k be f(-9). Suppose k*i - 22 = d - 2, -d = 5*i - 20. What is v(i)?
-6
Suppose 2*r - 33 = -5. Let y = 11 - r. Let j be ((-1)/(-3))/(y/(-27)). Let b(n) = -n**3 + 4*n**2 - 5*n + 3. Calculate b(j).
-3
Suppose -4*p + 36 = -4*w + 64, 11 = 5*w + p. Let n(y) = y**3 - 2*y**2 + y - 7. What is n(w)?
5
Let q(k) = -5*k**3 + 5*k**2 + 10*k + 9. Suppose 31 = 9*j - 68. Let a(i) = -14*i**3 + 15*i**2 + 29*i + 26. Let o(m) = j*q(m) - 4*a(m). Determine o(6).
-5
Let v = -703 - -712. Let i(u) = -u**3 + 10*u**2 - 5*u - 10. Determine i(v).
26
Suppose -67*y = -63*y + 2*w - 10, 0 = -3*y + w + 15. Let b(o) be the third derivative of o**4/8 - 2*o**3/3 + o**2. What is b(y)?
8
Let n(x) = 2*x**3 - 9*x**2 - 4*x - 2. Let y be n(5). Let o(u) = -3*u**2 + 4*u - 1. Calculate o(y).
-16
Let d(m) be the second derivative of -m**6/120 + m**5/15 + m**4/24 - 2*m**3/3 - m**2/2 + m. Let o(t) be the first derivative of d(t). Determine o(3).
8
Let i(d) = -2*d**2 + 17*d - 5. Let b be i(8). Let u be (1 - 2) + 0 + b. Suppose -u*z - p + 15 = -6*z, -40 = 3*z + 5*p. Let y(t) = 5*t + 6. Give y(z).
-19
Let x(p) = p**3 - p**2. Let j(f) be the third derivative of -7*f**6/120 + f**5/15 + f**4/6 - 5*f**3/6 - f**2. Let n(s) = -j(s) - 6*x(s). What is n(-4)?
-11
Let s(g) = -5*g**3 - 24*g**2 + 22*g - 32. Let q(d) = d**3 + 6*d**2 - 5*d + 8. Let y(a) = 9*q(a) + 2*s(a). What is y(6)?
2
Let k(a) = a**3 + 6*a**2 + 4*a - 3. Let b be k(-2). Let s(d) = d**3 - 4*d**2 - 6*d - 5. Give s(b).
-10
Let a(s) = -3*s**2 - 6*s - 4. Let d(t) = -10*t**2 - 18*t - 11. Let c(h) = 7*a(h) - 2*d(h). Let f = 105 + -109. Give c(f).
2
Let x(j) = -8*j**2 + 9*j + 17. Let l(p) = -5*p + 7*p - 4*p**2 + 4 + 2*p**2. Let r(s) = -9*l(s) + 2*x(s). Let w = -40 - -38. Determine r(w).
6
Let j(k) = k**3 + 6*k**2 + 4*k - 2. Let h be j(-5). Let t(m) = -1 + 0*m**2 + m**2 - 2*m + m + 4*m - 5*m. What is t(h)?
2
Let c be 2 + -4 + (-3133)/(-1560). Let d(t) be the third derivative of 3/2*t**3 + 1/60*t**5 - c*t**6 + 7*t**2 - 1/24*t**4 + 0*t + 0. What is d(0)?
9
Let w 